{"id":205,"date":"2023-12-10T18:15:37","date_gmt":"2023-12-10T18:15:37","guid":{"rendered":"https:\/\/aurblan.com\/?page_id=205"},"modified":"2024-12-29T23:51:15","modified_gmt":"2024-12-29T22:51:15","slug":"pool-sunbath","status":"publish","type":"page","link":"https:\/\/aurblan.com\/index.php\/pool-sunbath\/","title":{"rendered":"Piscine"},"content":{"rendered":"\n<p class=\"has-text-align-center\">Plongez dans un v\u00e9ritable havre de fra\u00eecheur. La piscine de l\u2019Aur Blan, entour\u00e9e de verdure, est l\u2019endroit id\u00e9al pour vous d\u00e9tendre sous le soleil du Somail ou savourer une baignade apaisante apr\u00e8s une journ\u00e9e d\u2019exploration.<\/p>\n","protected":false},"excerpt":{"rendered":"<p>Piscine ext\u00e9rieure ouverte du mois d&rsquo;avril \u00e0 fin septembre<\/p>\n","protected":false},"author":1,"featured_media":435,"parent":0,"menu_order":0,"comment_status":"open","ping_status":"open","template":"","meta":{"footnotes":""},"class_list":["post-205","page","type-page","status-publish","has-post-thumbnail","hentry"],"_links":{"self":[{"href":"https:\/\/aurblan.com\/index.php\/wp-json\/wp\/v2\/pages\/205","targetHints":{"allow":["GET"]}}],"collection":[{"href":"https:\/\/aurblan.com\/index.php\/wp-json\/wp\/v2\/pages"}],"about":[{"href":"https:\/\/aurblan.com\/index.php\/wp-json\/wp\/v2\/types\/page"}],"author":[{"embeddable":true,"href":"https:\/\/aurblan.com\/index.php\/wp-json\/wp\/v2\/users\/1"}],"replies":[{"embeddable":true,"href":"https:\/\/aurblan.com\/index.php\/wp-json\/wp\/v2\/comments?post=205"}],"version-history":[{"count":4,"href":"https:\/\/aurblan.com\/index.php\/wp-json\/wp\/v2\/pages\/205\/revisions"}],"predecessor-version":[{"id":586,"href":"https:\/\/aurblan.com\/index.php\/wp-json\/wp\/v2\/pages\/205\/revisions\/586"}],"wp:featuredmedia":[{"embeddable":true,"href":"https:\/\/aurblan.com\/index.php\/wp-json\/wp\/v2\/media\/435"}],"wp:attachment":[{"href":"https:\/\/aurblan.com\/index.php\/wp-json\/wp\/v2\/media?parent=205"}],"curies":[{"name":"wp","href":"https:\/\/api.w.org\/{rel}","templated":true}]}}