{"id":588,"date":"2024-12-30T10:55:22","date_gmt":"2024-12-30T09:55:22","guid":{"rendered":"https:\/\/aurblan.com\/?page_id=588"},"modified":"2024-12-30T11:05:28","modified_gmt":"2024-12-30T10:05:28","slug":"emplacement","status":"publish","type":"page","link":"https:\/\/aurblan.com\/index.php\/emplacement\/","title":{"rendered":"Emplacement"},"content":{"rendered":"\n<p class=\"has-text-align-center\">\u00c0 seulement 100 m\u00e8tres du bord du canal du Midi, l\u2019Aur Blan b\u00e9n\u00e9ficie d\u2019un emplacement privil\u00e9gi\u00e9. Vous pourrez rejoindre en quelques pas les restaurants, la c\u00e9l\u00e8bre librairie et le centre du charmant village du Somail. Une localisation id\u00e9ale pour profiter pleinement de toutes les richesses de ce lieu embl\u00e9matique.<\/p>\n\n\n\n<p><\/p>\n","protected":false},"excerpt":{"rendered":"<p>\u00c0 seulement 100 m\u00e8tres du bord du canal du Midi, l\u2019Aur Blan b\u00e9n\u00e9ficie d\u2019un emplacement privil\u00e9gi\u00e9. Vous pourrez rejoindre en quelques pas les restaurants, la c\u00e9l\u00e8bre librairie et le centre du charmant village du Somail. Une localisation id\u00e9ale pour profiter pleinement de toutes les richesses de ce lieu embl\u00e9matique.<\/p>\n","protected":false},"author":1,"featured_media":0,"parent":0,"menu_order":0,"comment_status":"closed","ping_status":"closed","template":"","meta":{"footnotes":""},"class_list":["post-588","page","type-page","status-publish","hentry"],"_links":{"self":[{"href":"https:\/\/aurblan.com\/index.php\/wp-json\/wp\/v2\/pages\/588","targetHints":{"allow":["GET"]}}],"collection":[{"href":"https:\/\/aurblan.com\/index.php\/wp-json\/wp\/v2\/pages"}],"about":[{"href":"https:\/\/aurblan.com\/index.php\/wp-json\/wp\/v2\/types\/page"}],"author":[{"embeddable":true,"href":"https:\/\/aurblan.com\/index.php\/wp-json\/wp\/v2\/users\/1"}],"replies":[{"embeddable":true,"href":"https:\/\/aurblan.com\/index.php\/wp-json\/wp\/v2\/comments?post=588"}],"version-history":[{"count":2,"href":"https:\/\/aurblan.com\/index.php\/wp-json\/wp\/v2\/pages\/588\/revisions"}],"predecessor-version":[{"id":591,"href":"https:\/\/aurblan.com\/index.php\/wp-json\/wp\/v2\/pages\/588\/revisions\/591"}],"wp:attachment":[{"href":"https:\/\/aurblan.com\/index.php\/wp-json\/wp\/v2\/media?parent=588"}],"curies":[{"name":"wp","href":"https:\/\/api.w.org\/{rel}","templated":true}]}}